-- http://www.phpmyadmin.net
-- 
-- 
-- Database: `rt-math-1`
-- 

-- --------------------------------------------------------

-- 
-- Table structure for table `owner`
-- 

CREATE TABLE `owner` (
 `ownerId` varchar(12) NOT NULL DEFAULT '',
 `name` varchar(30) NOT NULL DEFAULT '',
 `isRole` tinyint(1) unsigned NOT NULL DEFAULT '0',
 PRIMARY KEY (`ownerId`),
 UNIQUE KEY `name` (`name`)
) ENGINE=InnoDB DEFAULT CHARSET=latin1;

-- 
-- Dumping data for table `owner`
-- 

INSERT INTO `owner` (`ownerId`, `name`, `isRole`) VALUES ('accounts', 'Accounts', 1),
('arpepper', 'Adrian Pepper', 0),
('cahowell', 'Carrie Howells', 0),
('ccalzone', 'Chris Calzonetti', 0),
('cmroth', 'Chris Roth', 0),
('cmulay', 'Chaitali Mulay', 0),
('consulta', 'Consultants', 1),
('ctucker', 'Clayton Tucker', 0),
('dabrown', 'Debbie Brown', 0),
('daroloso', 'Dani Roloson', 0),
('dhergott', 'Dan Hergott', 0),
('dkeenan', 'Dawn Keenan', 0),
('dlgawley', 'Dave Gawley', 0),
('drallen', 'Daniel Allen', 0),
('echrzano', 'Ed Chrzanowski', 0),
('emfox', 'Evan Fox', 0),
('fhgunn', 'Fraser Gunn', 0),
('fyeung', 'Franky Yeung', 0),
('gboerke', 'Gord Boerke', 0),
('gxshen', 'Guoxiang Shen', 0),
('hchotara', 'Hari Chotara', 0),
('ijmorlan', 'Isaac Morland', 0),
('inventory', 'Inventory', 1),
('iturner', 'Ian Turner', 0),
('jjohnsto', 'Jim Johnston', 0),
('lcsuess', 'Lori Suess', 0),
('lfolland', 'Lawrence Folland', 0),
('m4cormie', 'Michael Cormier', 0),
('magore', 'Mike Gore', 0),
('mfries', 'Matthew Fries', 0),
('nalamron', 'Naji Alamrony', 0),
('nvidovic', 'Nina Vidovic', 0),
('omnafees', 'Omar Nafees', 0),
('operator', 'Operator', 1),
('pbeldows', 'Philip Beldowski', 0),
('proutled', 'Peter Routledge', 0),
('q35chen', 'Qu Chen', 0),
('rblander', 'Robyn Landers', 0),
('rbutterw', 'Ray Butterworth', 0),
('rgarcia', 'Ronaldo Garcia', 0),
('rmmathar', 'Ray Manpreet Matharu', 0),
('rrahal', 'Rupinder Rahal', 0),
('rwlewis', 'William Lewis', 0),
('sm3scott', 'Sean Scott', 0),
('snickers', 'Steve Nickerson', 0),
('trg', 'Trevor Grove', 0),
('tserviss', 'Tom Serviss', 0),
('vpathak', 'Vinayak Pathak', 0),
('wcwince', 'Bill Ince', 0),
('y75wu', 'Yijing Wu', 0);

-- http://www.phpmyadmin.net
-- 
-- 
-- Database: `rt-math-1`
-- 

-- --------------------------------------------------------

-- 
-- Table structure for table `ownerOrganization`
-- 

CREATE TABLE `ownerOrganization` (
 `ownerId` varchar(12) NOT NULL DEFAULT '',
 `orgId` int(11) NOT NULL DEFAULT '0',
 `roles` set('RSG') DEFAULT NULL,
 PRIMARY KEY (`ownerId`,`orgId`)
) ENGINE=InnoDB DEFAULT CHARSET=latin1;

-- 
-- Dumping data for table `ownerOrganization`
-- 

INSERT INTO `ownerOrganization` (`ownerId`, `orgId`, `roles`) VALUES ('accounts', 1, NULL),
('accounts', 2, NULL),
('arpepper', 1, NULL),
('cahowell', 2, NULL),
('ccalzone', 2, NULL),
('cmroth', 2, NULL),
('cmulay', 2, NULL),
('consulta', 1, NULL),
('consulta', 2, NULL),
('ctucker', 1, NULL),
('dabrown', 2, NULL),
('daroloso', 2, NULL),
('dhergott', 1, NULL),
('dkeenan', 1, NULL),
('dlgawley', 1, NULL),
('drallen', 1, NULL),
('echrzano', 1, NULL),
('emfox ', 2, NULL),
('fhgunn', 1, NULL),
('fyeung', 2, NULL),
('gboerke', 1, 'RSG'),
('gxshen', 1, NULL),
('hchotara', 2, NULL),
('ijmorlan', 1, NULL),
('inventory', 1, NULL),
('inventory', 2, NULL),
('iturner', 1, NULL),
('jjohnsto', 2, NULL),
('lcsuess', 2, NULL),
('lfolland', 1, 'RSG'),
('m4cormie', 2, NULL),
('magore', 1, 'RSG'),
('mfries', 2, NULL),
('nalamron', 2, NULL),
('nvidovic', 1, ''),
('omnafees', 1, NULL),
('operator', 2, NULL),
('pbeldows', 1, NULL),
('proutled', 2, NULL),
('q35chen', 2, NULL),
('rblander', 2, NULL),
('rbutterw', 2, NULL),
('rgarcia', 1, 'RSG'),
('rmmathar', 2, NULL),
('rrahal', 2, NULL),
('rwlewis', 2, NULL),
('sm3scott', 2, NULL),
('snickers', 1, NULL),
('trg', 1, NULL),
('tserviss', 2, NULL),
('vpathak', 2, NULL),
('wcwince', 1, NULL),
('y75wu', 1, NULL);

-- 
-- Constraints for dumped tables
-- 

-- 
-- Constraints for table `ownerOrganization`
-- 
ALTER TABLE `ownerOrganization`
 ADD CONSTRAINT `0_372` FOREIGN KEY (`ownerId`) REFERENCES `owner` (`ownerId`) ON DELETE CASCADE;

-- http://www.phpmyadmin.net
-- 
-- 
-- Database: `rt-math-1`
-- 

-- --------------------------------------------------------

-- 
-- Table structure for table `queue_acl`
-- 

CREATE TABLE `queue_acl` (
 `queue_id` char(40) DEFAULT NULL,
 `auth_key` char(80) DEFAULT NULL,
 `user_id` char(40) DEFAULT NULL,
 `date_updated` int(11) DEFAULT NULL,
 `date_expires` int(11) DEFAULT NULL,
 `can_create` tinyint(4) DEFAULT NULL,
 `comment` tinyint(4) DEFAULT NULL,
 `reply` tinyint(4) DEFAULT NULL,
 `summary` tinyint(4) DEFAULT NULL,
 `history` tinyint(4) DEFAULT NULL,
 `manipulate` tinyint(4) DEFAULT NULL,
 `admin` tinyint(4) DEFAULT NULL,
 `mail` tinyint(4) DEFAULT NULL
) ENGINE=MyISAM DEFAULT CHARSET=latin1;

-- 
-- Dumping data for table `queue_acl`
-- 

INSERT INTO `queue_acl` (`queue_id`, `auth_key`, `user_id`, `date_updated`, `date_expires`, `can_create`, `comment`, `reply`, `summary`, `history`, `manipulate`, `admin`, `mail`) VALUES ('*', '*/*.math.uwaterloo.ca/*', '=uwdir', 975642272, 0, 1, 1, 1, 4, 0, 0, 0, 0),
('*', '*/*.mfcf.uwaterloo.ca/*', '=uwdir', 1002750738, 0, 1, 1, 1, 4, 0, 0, 0, 0),
('*', '*/*.uwaterloo.ca/*', '=uwdir', 984773049, 0, 1, 1, 1, 4, 0, 0, 0, 0),
('*', '*/_math_cf/authenticated', '=uwdir', 1002750738, 0, 1, 1, 1, 4, 2, 0, 0, 0),
('*', '*/_rt/authenticated', '=', 1003268238, 0, 1, 1, 1, 4, 2, 0, 0, 0),
('*', '*/*/authenticated', '=uwdir', 1263997695, 0, 1, 1, 1, 4, 2, 0, 0, 0),
('*', '*/uwaterloo.ca/authenticated', '=uwdir', 984773049, 0, 1, 1, 1, 4, 2, 0, 0, 0),
('*', 'arpepper/*/authenticated', 'arpepper', 995650130, 0, 1, 1, 1, 1, 1, 1, 0, 0),
('*', 'arpepper/*/authenticated', 'arpepper', 995650130, 0, 1, 1, 1, 1, 1, 1, 0, 0),
('*', 'asavage/*/authenticated', 'asavage', 1215188068, 0, 1, 1, 1, 1, 1, 1, 0, 0),
('*', 'aturnbul/*/authenticated', 'aturnbul', 1258486001, 0, 1, 1, 1, 3, 3, 3, 0, 0),
('*', 'cahowell/*/authenticated', 'cahowell', 1183664181, 0, 1, 1, 1, 1, 1, 1, 0, 0),
('*', 'ccalzone/*/authenticated', 'ccalzone', 1094223539, 0, 1, 1, 1, 1, 1, 1, 0, 0),
('*', 'cmroth/*/authenticated', 'cmroth', 996179567, 0, 1, 1, 1, 1, 1, 1, 0, 0),
('*', 'ctucker/*/authenticated', 'ctucker', 996179567, 0, 1, 1, 1, 1, 1, 1, 0, 0),
('*', 'dabrown/*/authenticated', 'dabrown', 984773049, 0, 1, 1, 1, 1, 1, 1, 0, 0),
('*', 'daroloso/*/authenticated', 'daroloso', 996179567, 0, 1, 1, 1, 1, 1, 1, 0, 0),
('*', 'dgoetze/_math_cf/authenticated', 'dgoetze', 1222879429, 0, 1, 1, 1, 3, 3, 3, 0, 0),
('*', 'dhergott/*/authenticated', 'dhergott', 996179567, 0, 1, 1, 1, 1, 1, 1, 0, 0),
('*', 'dkeenan/*/authenticated', 'dkeenan', 1215466014, 0, 1, 1, 1, 1, 1, 1, 0, 0),
('*', 'dlgawley/*/authenticated', 'dlgawley', 993151145, 0, 1, 1, 1, 1, 1, 1, 0, 0),
('*', 'drallen/*/authenticated', 'drallen', 1209390653, 0, 1, 1, 1, 1, 1, 1, 0, 0),
('*', 'echrzano/*/authenticated', 'echrzano', 995392380, 0, 1, 1, 1, 1, 1, 1, 0, 0),
('*', 's9sarkar/*/authenticated', 's9sarkar', 1304345720, 1314763200, 1, 1, 1, 3, 3, 3, 0, 0),
('*', 'fhgunn/*/authenticated', 'fhgunn', 974339293, 0, 1, 1, 1, 1, 1, 1, 1, 1),
('*', 'gboerke/*/authenticated', 'gboerke', 996179567, 0, 1, 1, 1, 1, 1, 1, 0, 0),
('*', 'gxshen/*/authenticated', 'gxshen', 996179567, 0, 1, 1, 1, 1, 1, 1, 0, 0),
('*', 'hchotara/*/authenticated', 'hchotara', 1263230522, 1293771600, 1, 1, 1, 3, 3, 3, 0, 0),
('*', 'ijmorlan/*/authenticated', 'ijmorlan', 1071865051, 0, 1, 1, 1, 1, 1, 1, 1, 0),
('*', 'jatestar/*/authenticated', 'jatestar', 1054566498, 0, 1, 1, 1, 1, 1, 1, 0, 0),
('*', 'jjohnsto/*/authenticated', 'jjohnsto', 988829480, 0, 1, 1, 1, 1, 1, 1, 0, 0),
('*', 'jkeir/*/authenticated', 'jkeir', 1042661856, 0, 1, 1, 1, 1, 1, 1, 0, 0),
('*', 'lcsuess/*/authenticated', 'lcsuess', 984683319, 0, 1, 1, 1, 1, 1, 1, 0, 1),
('*', 'lfolland/*/authenticated', 'lfolland', 1054566498, 0, 1, 1, 1, 1, 1, 1, 0, 0),
('*', 'magore/*/authenticated', 'magore', 1043855655, 0, 1, 1, 1, 1, 1, 1, 0, 0),
('*', 'mfries/*/authenticated', 'mfries', 1071865051, 0, 1, 1, 1, 1, 1, 1, 0, 0),
('*', 'mpatters/*/authenticated', 'mpatters', 1046700109, 0, 1, 1, 1, 1, 1, 1, 0, 0),
('*', 'nalamron/*/authenticated', 'nalamron', 1122562607, 0, 1, 1, 1, 1, 1, 1, 0, 0),
('*', 'dkbellin/*/authenticated', 'dkbellin', 1331047298, 1341115200, 1, 1, 1, 3, 3, 3, 0, 0),
('*', 'operator/*/authenticated', 'operator', 984773049, 0, 1, 1, 1, 1, 1, 1, 0, 0),
('*', 'pbeldows/*/authenticated', 'pbeldows', 996179567, 0, 1, 1, 1, 1, 1, 1, 0, 0),
('*', 'rblander/*/authenticated', 'rblander', 985021819, 0, 1, 1, 1, 1, 1, 1, 0, 0),
('*', 'rbutterworth/*/authenticated', 'rbutterworth', 996179567, 0, 1, 1, 1, 1, 1, 1, 0, 0),
('*', 'dmmustin/_math_cf/authenticated', 'dmmustin', 1316702009, 0, 1, 1, 1, 3, 3, 3, 0, 0),
('*', 'a2taves/*/authenticated', 'a2taves', 1333373659, 0, 1, 1, 1, 3, 3, 3, 0, 0),
('*', 'rgarcia/*/authenticated', 'rgarcia', 1193176662, 0, 1, 1, 1, 1, 1, 1, 0, 0),
('*', 'shellyer/_rt/authenticated', 'shellyer', 1003250784, 1034786784, 1, 1, 1, 4, 2, 0, 0, 0),
('*', 'sm3scott/*/authenticated', 'sm3scott', 1000000000, 0, 1, 1, 1, 1, 1, 1, 0, 0),
('*', 'snickers/*/authenticated', 'snickers', 996179567, 0, 1, 1, 1, 1, 1, 1, 0, 0),
('*', 'spramani/_math_cf/authenticated', 'spramani', 1241197200, 1250485261, 1, 1, 1, 3, 3, 3, 0, 0),
('*', 'swiddifi/_math_cf/authenticated', 'swiddifi', 1249411167, 0, 1, 1, 1, 1, 1, 1, 0, 0),
('*', 'tduberst/*/authenticated', 'tduberst', 1251732608, 1261634461, 1, 1, 1, 3, 3, 3, 0, 0),
('*', 'trg/*/authenticated', 'trg', 1236975492, 0, 1, 1, 1, 1, 1, 1, 0, 0),
('*', 'tserviss/*/authenticated', 'tserviss', 988829480, 0, 1, 1, 1, 1, 1, 1, 0, 0),
('*', 'fyeung/*/authenticated', 'fyeung', 1251732608, 1347235200, 1, 1, 1, 3, 3, 3, 0, 0),
('*', 'wcwince/*/authenticated', 'wcwince', 994698086, 0, 1, 1, 1, 1, 1, 1, 0, 0),
('*', 'sagervai/*/authenticated', 'sagervai', 1312317060, 1325394000, 1, 1, 1, 3, 3, 3, 0, 0),
('*', 'proutled/*/authenticated', 'proutled', 1317411224, 0, 1, 1, 1, 1, 1, 1, 0, 0),
('*', 'jgorner/*/authenticated', 'jgorner', 1272813101, 1281934861, 1, 1, 1, 3, 3, 3, 0, 0),
('*', 'd57wang/*/authenticated', 'd57wang', 1304345720, 1314763200, 1, 1, 1, 3, 3, 3, 0, 0),
('*', 'h9huang/*/authenticated', 'h9huang', 1294666257, 1304226061, 1, 1, 1, 3, 3, 3, 0, 0),
('*', 'rwlewis/*/authenticated', 'rlewis', 1094223539, 0, 1, 1, 1, 1, 1, 1, 0, 0),
('*', 'rjcase/*/authenticated', 'rjcase', 1294714945, 1304226061, 1, 1, 1, 3, 3, 3, 0, 0),
('*', 'cmulay/*/authenticated', 'cmulay', 1251732608, 1347235200, 1, 1, 1, 3, 3, 3, 0, 0),
('*', 'vpathak/*/authenticated', 'vpathak', 1294714945, 1347235200, 1, 1, 1, 3, 3, 3, 0, 0),
('*', 'aschmied/*/authenticated', 'aschmied', 1294714945, 1304226061, 1, 1, 1, 3, 3, 3, 0, 0),
('*', 'q35chen/*/authenticated', 'q35chen', 1251732608, 1347235200, 1, 1, 1, 3, 3, 3, 0, 0),
('*', 's23tang/*/authenticated', 's23tang', 1314644572, 1325394000, 1, 1, 1, 3, 3, 3, 0, 0),
('*', 'mderakhs/*/authenticated', 'mderakhs', 1315422529, 1325307600, 1, 1, 1, 3, 3, 3, 0, 0),
('*', 'mhfoy/*/authenticated', 'mhfoy', 1315422529, 1325307600, 1, 1, 1, 3, 3, 3, 0, 0),
('*', 'm4cormie/*/authenticated', 'm4cormie', 1251732608, 1347235200, 1, 1, 1, 3, 3, 3, 0, 0),
('*', 'emfox/*/authenticated', 'emfox', 1251732608, 1347235200, 1, 1, 1, 3, 3, 3, 0, 0),
('*', 'rmmathar/*/authenticated', 'rmmathar', 1251732608, 1347235200, 1, 1, 1, 3, 3, 3, 0, 0),
('*', 'jjkeogh/*/authenticated', 'jjkeogh', 1324696641, 1335758400, 1, 1, 1, 3, 3, 3, 0, 0),
('*', 'omnafees/*/authenticated', 'omnafees', 0, 0, 1, 1, 1, 1, 1, 1, 0, 0),
('*', 'y75wu/*/authenticated', 'y75wu', 0, 0, 1, 1, 1, 1, 1, 1, 0, 0),
('*', 'ajacob/*/authenticated', 'ajacob', 1333372707, 0, 1, 1, 1, 1, 1, 1, 0, 0),
('*', 'nspitse/*/authenticated', 'nspitse', 1335289804, 1338523200, 1, 1, 1, 3, 3, 3, 0, 0),
('*', 't3ha/*/authenticated', 't3ha', 1335289804, 1338523200, 1, 1, 1, 3, 3, 3, 0, 0),
('*', 'nvidovic/*/authenticated', 'nvidovic', 1251732608, 1347235200, 1, 1, 1, 3, 3, 3, 0, 0),
('*', 'rrahal/*/authenticated', 'rrahal', 1251732608, 1347235200, 1, 1, 1, 3, 3, 3, 0, 0);
